*2 - 6*q**2 + q**3 - 1. Give i(3).
8
Let u(r) = 1. Let c(g) = 88 - 88 + 2*g**2. Let f(j) = -c(j) - 2*u(j). What is f(-2)?
-10
Suppose 0*y = -2*y + 2. Let r(s) = -2 + 5*s + y + s**2 + 0 - s. Suppose 12*t = -3*t - 60. Determine r(t).
-1
Suppose -97 = 61*i - 829. Let s(g) = g - 4. What is s(i)?
8
Let k(d) = d**3 - 2*d**2 - 5*d + 3. Let y(i) = -i**2 - 2*i + 3. Let a(b) = b**2 - 11*b - 17. Let p be a(13). Let r = -9 + p. Let z be y(r). Give k(z).
-3
Let y = 4 - 4. Let m(k) be the second derivative of -k**3/6 + 3*k**2/2 + k - 50. Give m(y).
3
Let k = -394 - -395. Let a(s) = -s**2 - 3*s + 3. Give a(k).
-1
Let o(t) = 2*t + 8. Let b(z) = -2*z - 9. Let w(r) = -3*b(r) - 2*o(r). Let x be w(-4). Let s(c) = 2*c**2 - 2*c + 2. Calculate s(x).
14
Let b(k) = k**3 + 10*k**2 + 2. Suppose 11 - 15 = -2*t. Suppose -z = -3*n - 32, -7*z = -n - t*z - 20. Give b(n).
2
Let l(o) = -o**2 + o. Let i(v) = v + 9. Let a be i(8). Let j = a - 19. Calculate l(j).
-6
Let n(o) = -4*o. Let x(l) = -2*l. Let y(m) = -2*n(m) + 3*x(m). Let c be -9*5/(-15) - -3. Give y(c).
12
Suppose -4*z + 118 = -4*u + u, 3*z + 61 = -u. Let g = u - -52. Let n(y) = -2*y + 9. Calculate n(g).
-3
Let z be -4*(-18 - -10)/64. Let j(t) be the first derivative of -9 - z*t**2 - 9*t. Calculate j(0).
-9
Let w(y) = -y**2 - 3*y + 4. Let k(c) = -2*c + 2*c + c. Let r(n) = -2*k(n) + w(n). Suppose 5*h = 2*a + 7, a - 3 = 5*h - 4. What is r(a)?
-2
Let m(s) = s**2 - 21*s + 25. Suppose -41 = -154*n + 151*n - 4*p, -p - 23 = -n. Determine m(n).
-13
Let f(o) = o**3 + 11*o**2 - 13*o - 15. Suppose p + 1 = -5*s - 55, -4*p + 76 = -5*s. Give f(s).
-3
Let a(b) = -8*b**2 + 5*b - 13*b + 1 + 10*b + 7*b**2. Suppose -2*y + j + 5 = 4, 0 = 5*y - 5*j + 5. Calculate a(y).
1
Suppose 0 = -2*w - w - 3*x - 81, -123 = 4*w + x. Let p = -31 - w. Let q(a) = 8*a**2 - a. Calculate q(p).
7
Let v(k) be the third derivative of k**5/60 + 11*k**4/24 + k**3 - 44*k**2. Determine v(-7).
-22
Let d(c) be the first derivative of c**2/2 + 5*c - 1. Let q be -2 + (4 + 6 - 1). Suppose 2*s - 30 = q*s. Give d(s).
-1
Let f(q) = -4*q**3 - 4*q**2 - 3*q - 2. Let l = 1 + 3. Suppose 8 = -2*n + l. Calculate f(n).
20
Let n(s) = -s + 1. Suppose -42*z + 30 = -37*z. What is n(z)?
-5
Let u(r) be the first derivative of -r**2 + 26*r + 115. What is u(13)?
0
Let d be -15*-2*(-2)/6. Let f(g) = -g**3 - 10*g**2 + 2*g - 9. What is f(d)?
-29
Let r(k) = k - 14. Suppose 0 = 78*b - 75*b. Determine r(b).
-14
Suppose 5*l + 4*d + 5 = 3, 5*l = d + 13. Let z(o) = -l - o**3 - 49*o + 0*o**3 + 56*o - 5*o**2. Suppose 0*i = -2*i - 12. Determine z(i).
-8
Let s(q) = -2*q**3 - 11*q**2 - 9*q - 4. Let r be s(-5). Let i(d) = d**2 - 17*d + 13. What is i(r)?
-3
Let g(p) = 6*p + 5 + 2528*p**2 - 1 - 2527*p**2. Determine g(-6).
4
Let b(k) = 93*k**2 - 184*k**2 + 99*k**2 - 2 + k. Determine b(-2).
28
Let m be 4/(-12)*3*3. Let q(i) be the first derivative of i**6/180 + i**5/40 - i**4/24 - i**3 + 3. Let u(n) be the third derivative of q(n). Give u(m).
8
Let k(x) be the first derivative of x**3/3 - x**2 + 19*x + 296. Give k(0).
19
Let c(r) be the second derivative of -r**5/20 + r**4/2 - r**3/2 + 7*r**2 - 218*r. What is c(6)?
-4
Let h be (-3)/(-6)*(-1 - -1). Let j(c) = -c**3 + 3*c**2 + c + 3. Let p be j(3). Let u(t) = p*t - 5*t + 3*t + h*t + 4. Calculate u(-4).
-12
Let o = 3 + 2. Let i(c) = c. Let g(a) = 6*a - 5. Let q(z) = g(z) - 3*i(z). Calculate q(o).
10
Let s be ((-16)/(-2))/(0 - -2). Suppose -2*o = s*d - 24, -3*o + 2*o = -2*d + 12. Suppose 2 = v + d. Let p(r) = -r**3 - 6*r**2 - 7*r - 6. Calculate p(v).
-10
Suppose 3*m + 6 = 5*m. Let o(l) = m*l**2 - 2*l**2 - 5*l + 10*l. Let y(q) = -q**3 + q**2 + q - 2. Let k be y(2). What is o(k)?
-4
Let l be 4/16*6*5/15. Let b(c) be the first derivative of c - l*c**2 + 2. What is b(-2)?
3
Let f(m) be the second derivative of -7*m + 0 - 2/3*m**3 + 1/12*m**4 + m**2. Determine f(4).
2
Let j(p) = -9*p + 608. Let b be j(67). Let h(k) be the second derivative of -k**5/20 + k**4/3 + 5*k**3/6 + 2*k**2 - k. What is h(b)?
4
Suppose -6*n + 5*n = -13. Let y = -11 + n. Let d(t) = -y*t - 4*t + 3*t + t**2. Give d(5).
10
Let s(h) be the third derivative of 0*h + 0 + 1/60*h**5 + 2*h**2 + 5/6*h**3 - 1/4*h**4. Give s(4).
-3
Let n(m) = m + 11. Let j(c) = -c**2 - 11*c - 28. Let t be j(-8). Let q(d) = 7*d + 20. Let s be q(t). Give n(s).
3
Let u(c) = -3*c**3 + 7*c**2 + 3*c + 23. Let j(h) = 2*h**3 - 5*h**2 - 2*h - 15. Let x(f) = 8*j(f) + 5*u(f). Determine x(5).
-10
Let o = 13 - 13. Suppose o*a - 3*a = -24. Let d(c) = -c**3 - 8 - 5*c + a*c**2 - c + c. Calculate d(7).
6
Let y(p) = -p**3 + 5*p**2 - 5*p - 3. Suppose -2*s + 9*c - 4*c + 3 = 0, 4*s + c - 17 = 0. What is y(s)?
-7
Let b(q) = q**2 - 7*q + 8. Let n = -601 + 607. Calculate b(n).
2
Let i(z) = -11*z**2 - 29*z - 23. Let m(t) = 4*t**2 + 10*t + 8. Let v(d) = -3*i(d) - 8*m(d). Give v(-6).
-1
Suppose -x - 3*x + 32 = 0. Suppose 2*h - 10 = -3*h. Let m(n) = 6*n - 2*n**2 + 2 - x*n + n**h + 2*n**2. Determine m(2).
2
Let c(h) = -4*h**2 - 4*h + 9. Let t(q) = -3*q**2 - 5*q + 8. Let i = 41 + -39. Let m(g) = i*c(g) - 3*t(g). Calculate m(-6).
-12
Let g = -10569 + 10579. Let u(d) = -d + 0*d + 0*d + 12. Calculate u(g).
2
Let c(n) be the third derivative of n**4/12 + 11*n**3/3 + 4*n**2 + 6*n. What is c(-12)?
-2
Let l(o) = o**3 - 25*o**2 + 25*o - 17. Suppose -19*m = -2*m - 408. What is l(m)?
7
Let i(r) = -3*r**3 + 3*r**2 - 7*r + 1. Let s(c) = 16*c**3 - 15*c**2 + 36*c - 4. Let k(x) = -11*i(x) - 2*s(x). Determine k(3).
12
Let j(c) be the third derivative of c**5/60 - 3*c**4/8 - c**3/3 - 370*c**2. Determine j(8).
-10
Let k(y) = -y + 0*y**2 + 2 + y**2 - 3*y**2 + 3*y. Let z be 2/(-5) - (-477)/(-45). Let i = z - -13. Give k(i).
-2
Suppose r = 3*q + 13, 0 = 2*q + 3*r - 9 + 3. Let h(o) = 3*o**2 + 4*o + 2. Give h(q).
17
Let t(a) = -a**2 + 6*a + 49. Let s be t(11). Let z(g) = g**3 + 7*g**2 + 5*g + 2. What is z(s)?
8
Let p(g) be the second derivative of g**8/6720 - g**7/840 + g**6/360 + g**5/60 - 35*g**4/12 + 7*g. Let f(y) be the third derivative of p(y). Calculate f(3).
8
Let d(u) = u**2 - 5*u - 3. Let t(h) = h**3 - 5*h**2 + 11*h - 9. Let r be t(3). Calculate d(r).
3
Let y be 178/(-2*(-3 + 2)). Let b(s) = -s**3 - 44*s - 7*s**2 + y*s - 51*s + 1. Give b(-6).
1
Let v(n) be the second derivative of n**4/8 - 2*n**3/3 - 2*n**2 + 10*n. Let s(y) be the first derivative of v(y). Determine s(5).
11
Let i(h) be the third derivative of -h**6/120 - h**5/20 - h**4/12 - h**3/3 - 30*h**2. Give i(-2).
-2
Let k(w) = -3 - 1 + 160*w - 137*w - w**2. Let i be k(23). Let q(x) = -4*x - 1. What is q(i)?
15
Let o be 5/(-1) + 3 + 1 + 0. Let i(h) = -29*h**3 - 13*h**2 - 17*h - 13. Let l(w) = 7*w**3 + 3*w**2 + 4*w + 3. Let n(m) = 2*i(m) + 9*l(m). Determine n(o).
-5
Let d(x) = -x**2 - 20*x - 23. Let u(h) = -4*h**2 + 18*h - 9. Let t be u(5). Calculate d(t).
-4
Let y(w) = w**2 + 9*w + 27. Let u be y(-4). Let t(q) = q**2 - q. Determine t(u).
42
Let p(c) be the second derivative of -c**6/120 - c**5/12 - c**4/8 + c**3/6 - 27*c**2/2 + 23*c. Let q(n) be the first derivative of p(n). Determine q(-5).
16
Let i be -6*((-9)/2)/(-3). Let w(m) = 0*m - 4 - 1370121*m**3 + m - 9*m**2 + 1370120*m**3. Determine w(i).
-13
Let f(h) = -3 - 19*h + 62*h**2 + 4*h + 9*h - 61*h**2. Determine f(9).
24
Suppose z + 2*w = -0*z + 8, 4*w - 12 = 0. Let m(i) = i**z - 3 + 5 + i - 3. What is m(3)?
11
Let i(c) be the second derivative of -c**3/2 - 2*c**2 - 2*c. Let b be i(-9). Let w = b - 21. Let r(g) = 2*g**3 - 2*g**2 - g + 2. What is r(w)?
8
Let d(c) = -c**2 - 4*c + 5. Suppose 24 = 193*t - 197*t. Calculate d(t).
-7
Let s(b) be the second derivative of -b**7/840 - b**6/45 - b**5/20 + b**3/6 - 22*b. Let z(i) be the second derivative of s(i). Calculate z(-7).
-7
Let m(z) = -4*z**2 - 11*z - 26. Let v(u) = -3*u**2 - 10*u - 22. Let k(h) = -4*m(h) + 5*v(h). Calculate k(5).
-11
Let t(x) = 2*x**3 - x**2 + x. Let o(h) = -11*h**3 + 16*h**2 + 8*h - 10. Let y(a) = -o(a) - 5*t(a). Calculate y(12).
-2
Let d(z) = -6*z + 611 - 1229 + 615 - z**2. Calculate d(-2).
5
Suppose 0 = 2*m - 2*u - 20, -4*u = 3*m + 6 - 1. Let j(g) = -2 + g + 0*g - 2. Give j(m).
1
Let d(f) = -10*f + 218. Let y be d(23). Let a(q) = -q**3 - 13*q**2 - 14*q - 18. Determine a(y).
6
Let k(q) = -q**2 - 4*q + 5. Let w(u) = -u + 20. Let f(p) = -p**2 - p - 1. Let j(v) = -f(v) - w(v). Let z be j(